git of m?
5
Let t(b) = -8*b - 2. Let z be (4 + -5)/(0 + 1). What is the units digit of t(z)?
6
Let y = -95 - -5. Let n be (-20)/y - (-277)/9. Suppose -5*v - 2*b + 121 = 0, -3*v - 4*b + n = -50. What is the tens digit of v?
2
Let i = -6134 + 11815. What is the thousands digit of i?
5
Let z(y) = -y**2 + 32*y - 98. What is the hundreds digit of z(13)?
1
Suppose -3*d - 24 = -0. What is the units digit of (d*5)/(-1) + 1?
1
Suppose 4*f = 2*u - f + 12, 0 = -4*u - 3*f + 2. Let t = -126 + -10. What is the units digit of ((-1)/u)/((-8)/t)?
7
Suppose 0 = -10*i + 12*i - 16. Suppose 58 = i*j - 310. What is the tens digit of j?
4
Let i(o) = -57*o + 45. What is the hundreds digit of i(-8)?
5
Let a(g) = g**3 + 10*g**2 - 7*g - 12. Let l be a(-10). Let r = 85 - l. Suppose -r = -5*k + 53. What is the units digit of k?
6
Let x(w) be the second derivative of 5/6*w**3 - 9*w**2 + 0 + 3*w. What is the units digit of x(10)?
2
Let d be 142 + 0/2 + (-228)/76. Let h = -31 + d. What is the units digit of h?
8
Suppose 48*b - 12*b - 81972 = 0. What is the tens digit of b?
7
Suppose 215 = t + 4*t. What is the tens digit of t?
4
Let w be 3/18 - (-87)/18. Suppose w*d - 7*d - 6 = 0. What is the tens digit of (5 + -8)/(d/10)?
1
Suppose -2*d + 4*m = -24, 5*d + 2*m + 0*m = 0. Suppose -d*x + 360 = 4*x. What is the units digit of x?
0
Let p be ((-2)/(-4))/((-3)/(-24)). Suppose p*z - 61 = 3*u, -z + 6*z - 100 = -u. What is the units digit of z?
9
Suppose 0 = -74*i + 89 + 133. Let a be 0 + 0 + (-456)/(-2). Suppose 3*v + 4*n - a = -v, -4*v - i*n + 228 = 0. What is the tens digit of v?
5
Suppose 0 = 36*z + 9*z - 96210. What is the tens digit of z?
3
What is the hundreds digit of (-3902)/(-14) + 69/21 + -3?
2
What is the units digit of 2*62*(-7)/(224/(-1048))?
1
Let t = -15 + 36. Suppose 0 = -g + 12 + 14. Let m = g - t. What is the units digit of m?
5
Let f(q) = -q**2 - 2*q + 2. Suppose 0 = 3*z + 5 + 4. Let s be f(z). Let o(h) = -32*h + 1. What is the tens digit of o(s)?
3
Let c = 7 - 15. Let l = c + 17. Suppose -l*o + 116 = -5*o. What is the tens digit of o?
2
What is the units digit of 584/11 - (-32)/(-352)?
3
Let f(i) = 2*i + 19. Let q(r) = -3*r - 19. Let w(o) = 4*f(o) + 3*q(o). Suppose 2*u + 13 = -2*x - 3*x, -4*x - 20 = 0. What is the units digit of w(u)?
3
Suppose 0*u - 3*d = -u - 4, -2*u + 5*d = 6. Suppose -4*v + 92 = 4*a, -30 = -u*v + 3*a + 11. What is the tens digit of v?
2
Suppose 2*p - g + 14 - 5 = 0, -4*g + 12 = -4*p. What is the units digit of (-10 - 50)/(p/8)?
0
Let b(o) = 2*o**3 - 5*o**2 + 3*o - 3. Let q be b(3). Let p = -1410 + 1414. Let m = q + p. What is the tens digit of m?
1
Let x(c) = -102*c - 3. Let h be x(-2). Suppose h = 4*f + 5*m + 61, f = -4*m + 35. What is the tens digit of f?
3
Suppose 0 = -22*t + 15*t. Suppose t = k + l - 151, 0 = 2*l - 4*l + 4. What is the units digit of k?
9
Suppose u = 3*m - 8*m - 5, 10 = -2*u. Suppose -2*j + 3*j - 14 = m. Suppose -j = -5*p + 111. What is the tens digit of p?
2
Suppose 39 - 22 = i. Let t(j) = j**3 - 17*j**2 + 3*j - 19. What is the units digit of t(i)?
2
What is the units digit of -82 + 79 + 262*3?
3
Suppose -14*b + 12*b = 0. Suppose -2*c + b*c = -170. What is the units digit of c?
5
Suppose 2*f = -5*c + 918, -2*f + 10*c + 902 = 7*c. What is the units digit of f?
4
Let w = -286 - -4265. What is the tens digit of w?
7
Suppose 52*u - 45109 = 47451. What is the units digit of u?
0
Let s(y) = -2*y**3 - y**2 - 8*y + 6. Let q be s(-4). Suppose 5*b = 30 + q. What is the units digit of b?
6
Let g = 7 - -31. Let k = -78 + g. Let p = -29 - k. What is the units digit of p?
1
What is the hundreds digit of 489/1 + (4 - 0)/(-4)?
4
Let a = -2 + 4. Let d = 14 - 6. What is the tens digit of a/d + (-508)/(-16)?
3
Let l be (24/(-20))/(6/(-40)). Suppose 15 = l*u - 3*u. Suppose i = 5*d - 99, -u*d = 3*i - i - 49. What is the units digit of d?
9
Suppose -4*h = 2*p + 14, 0*h + 5*h + 11 = 4*p. Let z be (-11)/(-2) + h/2. Suppose -30 = -5*j - z*g + 3*g, 5*j - 25 = -2*g. What is the units digit of j?
7
Suppose 0 = 5*k - 0*u - 2*u + 4, u = k + 2. Suppose 0 = 2*l + 2*q, -5*l + 3*q = -k*l. Suppose l = h - 2*h + 32. What is the units digit of h?
2
Suppose -t + 4*n = -16, -4*t + n - 3*n + 10 = 0. Suppose k = w + 4*w + 220, 4*k = -t*w + 856. What is the hundreds digit of k?
2
Suppose 14 = 5*d - 1. Suppose 14*n - 4*n = 6*n. Suppose -d*p + n*p = -48. What is the tens digit of p?
1
Suppose 3*l = l + 6. Suppose l*k - 2*i - 13 = 0, k + 3*k + 3*i = 6. Suppose -69 = -5*g + k*f + 45, -5*g + f = -108. What is the tens digit of g?
2
Let o be (-15)/90 + (-2)/(-12). Suppose o*v - 58 = v. What is the tens digit of -3 + (-21)/(-3) - v?
6
Let p = -268 - -175. Let z = 56 + p. Let f = 54 + z. What is the tens digit of f?
1
Let q(j) be the first derivative of -6 + 3*j - 27/2*j**2. What is the units digit of q(-1)?
0
Let o(u) = 20*u - 117. What is the hundreds digit of o(20)?
2
Suppose 5*k - 10 - 5 = 0. Suppose -2 = -k*q - 8. What is the units digit of 16 + (q - (0 - -2))?
2
Suppose 4*t = 2*t + 3*i - 8, 2*i = 8. Suppose -10 - 48 = -2*c. Suppose t*b - c = 33. What is the units digit of b?
1
Let i(j) = -5*j**2 + 2*j. Let b be i(5). Let q = b + 350. What is the hundreds digit of q?
2
Suppose -12*n + 7876 + 4772 = 0. What is the hundreds digit of n?
0
Let d be 5 + 252/(-60) + 22/10. Let h(k) = 4*k**2. Let x be h(-1). Suppose -5 = -x*j + 3, 3*z = -d*j + 111. What is the units digit of z?
5
Suppose -j + 185 + 277 = -3*k, 0 = -5*j - k + 2262. What is the units digit of j?
3
Suppose 705 = -13*f + 8*f. Let p = f + 223. What is the units digit of p?
2
Suppose w = 4*w - 414. Let m = -87 + w. What is the units digit of m?
1
Let o be (-330)/(-27) + (-4)/18. Let y be (10/o)/((-9)/(-54)). Suppose -2*g + v + 130 = 2*g, 3*v - 154 = -y*g. What is the tens digit of g?
3
Let f = 3 - 0. Let a(x) = -4*x - 2. Let r be a(-1). Suppose -r*j - 2*y = 3*y - 43, 3*y = -f*j + 69. What is the tens digit of j?
2
Let d(n) = 3*n**3 + 15*n**2 - 35*n - 16. Let c(f) = f**3 + 5*f**2 - 12*f - 5. Let r(j) = 17*c(j) - 6*d(j). What is the tens digit of r(-8)?
5
Suppose 2*r + 600 = 5*r - 2*h, -2*r - 4*h = -416. What is the hundreds digit of r?
2
Let v be (-1)/(-2) + 57/6. Let f = v - 14. What is the tens digit of ((-11)/f)/(3/12)?
1
Suppose -5*s - 2*y = 14, 0 = 2*s - 6*s + 5*y + 2. Let c be (1/s)/((-3)/(-6)). What is the units digit of c*3*(-1 + -2)?
9
Let r = 38 + -62. What is the units digit of (53274/r)/(-13) - 1/(-4)?
1
Let z(s) = -s**2 + 15*s + 16. Let b = -11 - -27. Let y be z(b). Let k(l) = l**3 + l**2 + 38. What is the tens digit of k(y)?
3
Let m(s) = -s**2 - 9*s + 2. Let z(a) = a**3 - 15*a**2 + 14*a - 8. Let g be z(14). What is the units digit of m(g)?
0
Suppose 0 = 2*r - 3*l + 57 - 605, r + 4*l = 296. What is the hundreds digit of r?
2
Suppose -27*v + g = -31*v + 6997, -4*v + 6993 = -3*g. What is the tens digit of v?
4
Suppose -2*s - g = 203, -5 = s - g + 95. Let y = s - -166. What is the tens digit of y?
6
What is the thousands digit of 384/30*210/1?
2
Let s(x) = 8*x - 27. Let g be s(4). Suppose 269 = a + 5*t, -3*t = g*a - 899 - 402. What is the tens digit of a?
5
Suppose 3*h + 0*h + 12 = 0, -13 = s + 4*h. Suppose 4*f - 3 = -0*f - s*v, -3*f + 2 = 2*v. Suppose f*m - 35 = -5*m. What is the units digit of m?
7
Let s be ((-6)/8)/(4/((-64)/4)). Suppose 5*d - 125 = -5*c, -s*d + 2*c = d - 118. What is the tens digit of d?
2
Let a(l) = -l**3 + 4*l + 1 + 4 + 6*l**2 + l + 2*l. Let c be a(7). Suppose -1 - 69 = -c*f. What is the tens digit of f?
1
Let k be 2 + 3/(-5) + (-294)/(-15). What is the units digit of 41*(k/9 - (-6)/9)?
3
Let q = 718 + -382. What is the tens digit of q?
3
Let h = 46 + -67. Let s be (4/12)/(1/h). What is the units digit of (s/14)/(1/(-22))?
1
Let y be 6/9 - 1 - (-64)/12. Suppose -5*u + y*l + 765 = 0, -u = 3*l + l - 158. What is the tens digit of u?
5
Suppose 4*j + 16 = 2*j. Let q be ((-28)/5)/(j/20). Suppose -4*u = r, q - 4 = 3*r + 2*u. What is the units digit of r?
4
Suppose -3*t + 4*p = -1 + 13, 2*t + 8 = 5*p. Let r be (-7)/3 - t/(-6). What is the units digit of (1 - 69)*r/6?
4
Suppose 22*a + 27*a = 168658. What is the hundreds digit of a?
4
Let f = -59 + 83. Suppose -2*s + f = s. Let j(m) = m**2 - 8*m + 1. What is the units digit of j(s)?
1
Suppose -6*p = -p - m - 19, 4*p - m - 15 = 0. Supp